base 8, what is 1220206 - -222?
1220430
In base 5, what is -13023201344 + -113?
-13023202012
In base 15, what is -74ad7 + -3?
-74ada
In base 14, what is 5 + -9489d42?
-9489d3b
In base 2, what is 111010111011011010010 + 101?
111010111011011010111
In base 16, what is -299c - 217?
-2bb3
In base 16, what is -1ad6082 - -13?
-1ad606f
In base 11, what is -1622126 - -6?
-1622120
In base 9, what is 1 + -20217132?
-20217131
In base 3, what is 2 + -121100001010?
-121100001001
In base 15, what is ba3225 + -b?
ba3219
In base 9, what is 458 - 330176?
-328617
In base 14, what is 1a5d0 - 187?
1a447
In base 4, what is -3 - 21012322311?
-21012322320
In base 4, what is -22 + -1101022013202?
-1101022013230
In base 12, what is -8 + 92a6111?
92a6105
In base 4, what is -103301001 - -10212203?
-33022132
In base 2, what is -1001001 - 100111011011000101?
-100111011100001110
In base 13, what is -6 + -482138c?
-4821395
In base 3, what is -20112111 - 11221020110?
-12011202221
In base 5, what is -1014300 - 2014?
-1021314
In base 6, what is 5 + -154104313?
-154104304
In base 16, what is 167 - -1578a?
158f1
In base 13, what is 247 - -14428?
14672
In base 10, what is -7 - 741140?
-741147
In base 4, what is 11010022003 - -231?
11010022300
In base 5, what is 10 + 4323411240?
4323411300
In base 3, what is -110021021101202 - -21?
-110021021101111
In base 6, what is -14105234243 - -1?
-14105234242
In base 3, what is -2 + -11111110110101?
-11111110110110
In base 10, what is -319038820 + -5?
-319038825
In base 10, what is -5 - -1333325?
1333320
In base 2, what is 1000 - 101100100001101011111110100?
-101100100001101011111101100
In base 3, what is -1212 - 11200200201002?
-11200200202221
In base 13, what is 7c8083 + -9?
7c8077
In base 7, what is -605623 - 2030?
-610653
In base 4, what is -1011332 + 131333?
-213333
In base 6, what is 231535 - -213?
232152
In base 15, what is 1ddd + 541?
242e
In base 8, what is 4 - 36237576?
-36237572
In base 15, what is 47172 - 2?
47170
In base 5, what is 3 + 122223241?
122223244
In base 6, what is 31 - 15133443?
-15133412
In base 15, what is 6163 + 590?
6703
In base 11, what is -1131575 - 1?
-1131576
In base 8, what is -2231441 - 13?
-2231454
In base 15, what is 66 - a8a39?
-a89c3
In base 5, what is 2334 - -3020122?
3023011
In base 5, what is 14010310 - -331?
14011141
In base 9, what is -175 + 2843687?
2843512
In base 6, what is -1 + -40535515?
-40535520
In base 15, what is -7 - -481a6?
4819e
In base 14, what is -398c5b + -1?
-398c5c
In base 7, what is 1036060 - 44062?
661665
In base 14, what is -1 + -11029b6?
-11029b7
In base 4, what is -312232 + -11110?
-330002
In base 13, what is -2586 + 1b741?
19188
In base 16, what is -213c4 - -241?
-21183
In base 2, what is -1 - -1001000011110111111010100101?
1001000011110111111010100100
In base 14, what is -18cb + -4212?
-5add
In base 12, what is 4131 - -731?
4862
In base 8, what is 10264441 + 10?
10264451
In base 13, what is ac09cc - 200?
ac07cc
In base 16, what is 1 + fcf0a6?
fcf0a7
In base 8, what is -3 - -6053273?
6053270
In base 11, what is 1 - 25a8921a?
-25a89219
In base 16, what is 5 - -1484593?
1484598
In base 2, what is -101 - 1000001011000000111001?
-1000001011000000111110
In base 11, what is -3842 - -1360?
-2492
In base 10, what is 25670437 - -1?
25670438
In base 4, what is 2 + 31112200331?
31112200333
In base 14, what is -21c9702 - 12?
-21c9714
In base 4, what is 23100130 - -300?
23101030
In base 15, what is -d892810 + 5?
-d89280a
In base 15, what is be41136 + 6?
be4113c
In base 8, what is 110 + -1424147?
-1424037
In base 2, what is -1011 - 1101111000001110101?
-1101111000010000000
In base 4, what is 2210 + 30203300?
30212110
In base 15, what is e57dd6e - -1?
e57dd70
In base 5, what is 1334001 - -3123022?
10012023
In base 5, what is -124 + 3143003?
3142324
In base 7, what is 2 + 103232235?
103232240
In base 11, what is 710 + -116849?
-116139
In base 6, what is -4 + 33301324?
33301320
In base 12, what is 894 + -11785?
-10ab1
In base 3, what is 12010222110 + -2120?
12010212220
In base 8, what is -3 - 11266031?
-11266034
In base 16, what is -44397c + -4?
-443980
In base 9, what is -65301505 + 7?
-65301487
In base 9, what is -8218255 + 34?
-8218221
In base 8, what is 727065 - -64?
727151
In base 5, what is -144 - 143412?
-144111
In base 3, what is 102021 + 2111212211110?
2111220020201
In base 16, what is 6bc03 - 23?
6bbe0
In base 6, what is 3 + 245521035?
245521042
In base 8, what is -5672772 - -25?
-5672745
In base 12, what is -10b2 - 177?
-1269
In base 15, what is -15ba5 - 3c?
-15be2
In base 7, what is 433365 - -1212?
434610
In base 8, what is 167 + 57712057?
57712246
In base 2, what is 1011110011110100001 + -11000100100?
1011110000101111101
In base 15, what is -5a00 - -c6?
-5929
In base 12, what is 8ab4 - -21461?
2a355
In base 14, what is 9 - c29391?
-c29386
In base 14, what is 23 - -49481c?
494841
In base 4, what is -1211203223 - -220?
-1211203003
In base 16, what is -3b05d4e - 0?
-3b05d4e
In base 12, what is -2 - 1472397?
-1472399
In base 4, what is -102231 + 12?
-102213
In base 13, what is 28 - 1668c38?
-1668c10
In base 6, what is 4034 + -3523553?
-3515515
In base 14, what is 4d59b1b + c?
4d59b29
In base 2, what is 1101 + -101101101111000110?
-101101101110111001
In base 15, what is b - 1b634c2?
-1b634b6
In base 7, what is 205136 - 4220?
200616
In base 6, what is 21 + 2334513402?
2334513423
In base 3, what is 12010210222101011 - -11?
12010210222101022
In base 2, what is 111100000011 + -1010100010?
110001100001
In base 11, what is -3 - 505115?
-505118
In base 6, what is -3 - 22341450513?
-22341450520
In base 16, what is -7 - -7f0163?
7f015c
In base 9, what is -2707634 - 11?
-2707645
In base 13, what is 3 - 14652a03?
-14652a00
In base 5, what is 4 + 1000003230031?
1000003230040
In base 2, what is 1011011010100111010 - 1111?
1011011010100101011
In base 14, what is -3 + -25d3b6ad?
-25d3b6b2
In base 2, what is -10011001111110001 - 10010010001?
-10011100010000010
In base 8, what is 452635721 + 10?
452635731
In base 13, what is -1b + 153962?
153944
In base 13, what is -5 + -5a847a?
-5a8482
In base 2, what is -110101111010101001001000 + 1110?
-110101111010101000111010
In base 3, what is 112001122 - 12210212?
22020210
In base 10, what is -719037 - 204?
-719241
In base 4, what is -22321203201 - 12?
-22321203213
In base 15, what is -39 - 56045b?
-560495
In base 6, what is 304 - 154111?
-153403
In base 9, what is -1650362 + 57?
-1650304
In base 4, what is -12 - 10011323301?
-10011323313
In base 9, what is -163 - 6363045?
-6363218
In base 7, what is 600250445 + -4?
600250441
In base 6, what is -2352450 + 121?
-2352325
In base 4, what is 101223013 + -2010?
101221003
In base 11, what is 1 - 10218977?
-10218976
In base 10, what is 59050 + 36290?
95340
In base 15, what is 7 - -7d519b?
7d51a3
In base 5, what is 1101232233 - 0?
1101232233
In base 11, what is -22a + -340a?
-3639
In base 7, what is -2 + 3663002202?
3663002200
In base 15, what is -71a38 + -146?
-71b7e
In base 4, what is 130001132 + -131?
130001001
In base 7, what is -245 - -4123615?
4123340
In base 12, what is -837997 + 5?
-837992
In base 5, what is 20322224 - 1323?
20320401
In base 9, what is -337 + 67451?
67113
In base 3, what is -100010211001010 - 0?
-100010211001010
In base 11, what is 0 + 755414a?
755414a
In base 10, what is 46 - -370294?
370340
In base 2, what is -10110010101000011100111 + 1000010?
-10110010101000010100101
In base 12, what is 5 - 7488208?
-7488203
In base 14, what is -34b7994 + 4?
-34b7990
In base 10, what is 15923205 - -4?
15923209
In base 11, what is 6a + -28324?
-28265
In base 11, what is -17a3 + -3891?
-5584
In base 11, what is 28a953 + -625?
28a329
In base 11, what is 79458 + 612?
79a6a
In base 16, what is -cc + -32d8d?
-32e59
In base 3, what is 2221022201 + 10120202?
10001220110
In base 8, what is 3636776 + -20?
3636756
In base 15, what is -733 + 1430b?
13ac8
In base 5, what is 1323 + -130430?
-124102
In base 9, what is 413786 - -150?
414046
In base 10, what is -1847301 - 0?
-1847301
In base 15, what is -22 - 15e9a?
-15ebc
In base 9, what is 23643828 - -6?
23643835
In base 13, what is 254a3 - -b?
254b1
In base 14, what is a7 + 194cad4?
194cb9b
In base 11, what is 519719 - 4?
519715
In base 7, what is -3 - 314435603?
-314